{"id":788,"date":"2022-06-17T15:49:12","date_gmt":"2022-06-17T20:49:12","guid":{"rendered":"https:\/\/new.comcosur.com\/?post_type=product&#038;p=788"},"modified":"2025-01-15T11:47:47","modified_gmt":"2025-01-15T16:47:47","slug":"asi-hablo-zaratustra","status":"publish","type":"product","link":"https:\/\/new.comcosur.com\/?product=asi-hablo-zaratustra","title":{"rendered":"As\u00ed habl\u00f3 Zaratustra"},"content":{"rendered":"","protected":false},"excerpt":{"rendered":"<div class=\"flex max-w-full flex-col flex-grow\">\n<div class=\"min-h-8 text-message flex w-full flex-col items-end gap-2 whitespace-normal break-words text-start [.text-message+&amp;]:mt-5\" dir=\"auto\" data-message-author-role=\"assistant\" data-message-id=\"683d16f6-b7c0-4181-84ae-7b5ad398ca8a\" data-message-model-slug=\"gpt-4o-mini\">\n<div class=\"flex w-full flex-col gap-1 empty:hidden first:pt-[3px]\">\n<div class=\"markdown prose w-full break-words dark:prose-invert light\">\n<p>Nietzsche, como fil\u00f3sofo, figura con un efecto sobre el mundo similar al de un profeta terror\u00edfico, un or\u00e1culo que, prediciendo el fin del hombre com\u00fan, era un ap\u00f3stol del superhombre, el homo superior, aristocr\u00e1tico e implacable que deb\u00eda dominar el mundo. Consider\u00f3 la vida con un pesimismo a la vez tr\u00e1gico y heroico; para Nietzsche, la tragedia no solo era la fuente de la nobleza, sino tambi\u00e9n del poder que dota al hombre de momentos heroicos en su furiosa persistencia por sobrevivir. Pretendi\u00f3 construir una raza de hombres fuertes y triunfadores.<\/p>\n<\/div>\n<\/div>\n<\/div>\n<\/div>\n","protected":false},"featured_media":407,"comment_status":"closed","ping_status":"closed","template":"","meta":{"_acf_changed":false},"product_brand":[],"product_cat":[109],"product_tag":[],"autor":[32],"class_list":{"0":"post-788","1":"product","2":"type-product","3":"status-publish","4":"has-post-thumbnail","6":"product_cat-filosofia","7":"autor-friedrich-nietzsche","9":"first","10":"instock","11":"shipping-taxable","12":"purchasable","13":"product-type-simple"},"acf":[],"_links":{"self":[{"href":"https:\/\/new.comcosur.com\/index.php?rest_route=\/wp\/v2\/product\/788","targetHints":{"allow":["GET"]}}],"collection":[{"href":"https:\/\/new.comcosur.com\/index.php?rest_route=\/wp\/v2\/product"}],"about":[{"href":"https:\/\/new.comcosur.com\/index.php?rest_route=\/wp\/v2\/types\/product"}],"replies":[{"embeddable":true,"href":"https:\/\/new.comcosur.com\/index.php?rest_route=%2Fwp%2Fv2%2Fcomments&post=788"}],"wp:featuredmedia":[{"embeddable":true,"href":"https:\/\/new.comcosur.com\/index.php?rest_route=\/wp\/v2\/media\/407"}],"wp:attachment":[{"href":"https:\/\/new.comcosur.com\/index.php?rest_route=%2Fwp%2Fv2%2Fmedia&parent=788"}],"wp:term":[{"taxonomy":"product_brand","embeddable":true,"href":"https:\/\/new.comcosur.com\/index.php?rest_route=%2Fwp%2Fv2%2Fproduct_brand&post=788"},{"taxonomy":"product_cat","embeddable":true,"href":"https:\/\/new.comcosur.com\/index.php?rest_route=%2Fwp%2Fv2%2Fproduct_cat&post=788"},{"taxonomy":"product_tag","embeddable":true,"href":"https:\/\/new.comcosur.com\/index.php?rest_route=%2Fwp%2Fv2%2Fproduct_tag&post=788"},{"taxonomy":"autor","embeddable":true,"href":"https:\/\/new.comcosur.com\/index.php?rest_route=%2Fwp%2Fv2%2Fautor&post=788"}],"curies":[{"name":"wp","href":"https:\/\/api.w.org\/{rel}","templated":true}]}}