{"id":787,"date":"2022-06-17T15:46:13","date_gmt":"2022-06-17T20:46:13","guid":{"rendered":"https:\/\/new.comcosur.com\/?post_type=product&#038;p=787"},"modified":"2025-01-15T11:41:34","modified_gmt":"2025-01-15T16:41:34","slug":"arsenio-lupin","status":"publish","type":"product","link":"https:\/\/new.comcosur.com\/?product=arsenio-lupin","title":{"rendered":"Arsenio Lupin Caballero y ladr\u00f3n"},"content":{"rendered":"","protected":false},"excerpt":{"rendered":"<p>Arsenio Lupin es un carism\u00e1tico ladr\u00f3n de guante blanco. Tan popular e ic\u00f3nico como Sherlock Holmes, Arsenio Lupin es un personaje \u00fanico, una leyenda. Conoce las ciencias del derecho y de la medicina a la perfecci\u00f3n, es experto en artes marciales y un aut\u00e9ntico seductor. Lupin es un h\u00e9roe de quien nadie gana en astucia y sagacidad.<\/p>\n","protected":false},"featured_media":405,"comment_status":"closed","ping_status":"closed","template":"","meta":{"_acf_changed":false},"product_brand":[],"product_cat":[96],"product_tag":[],"autor":[138],"class_list":{"0":"post-787","1":"product","2":"type-product","3":"status-publish","4":"has-post-thumbnail","6":"product_cat-ficcion","7":"autor-maurice-leblanc","9":"first","10":"instock","11":"shipping-taxable","12":"purchasable","13":"product-type-simple"},"acf":[],"_links":{"self":[{"href":"https:\/\/new.comcosur.com\/index.php?rest_route=\/wp\/v2\/product\/787","targetHints":{"allow":["GET"]}}],"collection":[{"href":"https:\/\/new.comcosur.com\/index.php?rest_route=\/wp\/v2\/product"}],"about":[{"href":"https:\/\/new.comcosur.com\/index.php?rest_route=\/wp\/v2\/types\/product"}],"replies":[{"embeddable":true,"href":"https:\/\/new.comcosur.com\/index.php?rest_route=%2Fwp%2Fv2%2Fcomments&post=787"}],"wp:featuredmedia":[{"embeddable":true,"href":"https:\/\/new.comcosur.com\/index.php?rest_route=\/wp\/v2\/media\/405"}],"wp:attachment":[{"href":"https:\/\/new.comcosur.com\/index.php?rest_route=%2Fwp%2Fv2%2Fmedia&parent=787"}],"wp:term":[{"taxonomy":"product_brand","embeddable":true,"href":"https:\/\/new.comcosur.com\/index.php?rest_route=%2Fwp%2Fv2%2Fproduct_brand&post=787"},{"taxonomy":"product_cat","embeddable":true,"href":"https:\/\/new.comcosur.com\/index.php?rest_route=%2Fwp%2Fv2%2Fproduct_cat&post=787"},{"taxonomy":"product_tag","embeddable":true,"href":"https:\/\/new.comcosur.com\/index.php?rest_route=%2Fwp%2Fv2%2Fproduct_tag&post=787"},{"taxonomy":"autor","embeddable":true,"href":"https:\/\/new.comcosur.com\/index.php?rest_route=%2Fwp%2Fv2%2Fautor&post=787"}],"curies":[{"name":"wp","href":"https:\/\/api.w.org\/{rel}","templated":true}]}}