{"id":2048,"date":"2025-01-16T11:53:40","date_gmt":"2025-01-16T16:53:40","guid":{"rendered":"https:\/\/new.comcosur.com\/?post_type=product&#038;p=2048"},"modified":"2025-01-16T12:00:00","modified_gmt":"2025-01-16T17:00:00","slug":"el-libro-de-los-cinco-anillos","status":"publish","type":"product","link":"https:\/\/new.comcosur.com\/?product=el-libro-de-los-cinco-anillos","title":{"rendered":"El Libro de los Cinco Anillos"},"content":{"rendered":"","protected":false},"excerpt":{"rendered":"<p>\u2b50\u2b50\u2b50\u2b50\u2b50<\/p>\n<div class=\"flex max-w-full flex-col flex-grow\">\n<div class=\"min-h-8 text-message flex w-full flex-col items-end gap-2 whitespace-normal break-words text-start [.text-message+&amp;]:mt-5\" dir=\"auto\" data-message-author-role=\"assistant\" data-message-id=\"6a3edd11-394b-4bb3-99b8-4255415b29c5\" data-message-model-slug=\"gpt-4o-mini\">\n<div class=\"flex w-full flex-col gap-1 empty:hidden first:pt-[3px]\">\n<div class=\"markdown prose w-full break-words dark:prose-invert light\">\n<p>Descubre el secreto detr\u00e1s de la invencibilidad del mayor espadach\u00edn de Jap\u00f3n. En <em>El libro de los cinco anillos<\/em>, Miyamoto Musashi revela sus estrategias y t\u00e1cticas no solo para triunfar en el campo de batalla, sino tambi\u00e9n en la vida cotidiana. Con una mezcla \u00fanica de filosof\u00eda, poes\u00eda y sabidur\u00eda marcial, Musashi te ense\u00f1ar\u00e1 a dominar tanto tu mente como tu esp\u00edritu. Prep\u00e1rate para transformar tu forma de pensar y actuar. \u00a1Lee <em>El libro de los cinco anillos<\/em> y convi\u00e9rtete en el maestro de tu propio destino!<\/p>\n<\/div>\n<\/div>\n<\/div>\n<\/div>\n","protected":false},"featured_media":2049,"comment_status":"closed","ping_status":"closed","template":"","meta":{"_acf_changed":false},"product_brand":[],"product_cat":[15,112,107,109,126],"product_tag":[],"autor":[172],"class_list":{"0":"post-2048","1":"product","2":"type-product","3":"status-publish","4":"has-post-thumbnail","6":"product_cat-literatura","7":"product_cat-autoayuda","8":"product_cat-etica-y-civismo","9":"product_cat-filosofia","10":"product_cat-literatura-juvenil","11":"autor-miyamoto-musashi","13":"first","14":"instock","15":"shipping-taxable","16":"purchasable","17":"product-type-simple"},"acf":[],"_links":{"self":[{"href":"https:\/\/new.comcosur.com\/index.php?rest_route=\/wp\/v2\/product\/2048","targetHints":{"allow":["GET"]}}],"collection":[{"href":"https:\/\/new.comcosur.com\/index.php?rest_route=\/wp\/v2\/product"}],"about":[{"href":"https:\/\/new.comcosur.com\/index.php?rest_route=\/wp\/v2\/types\/product"}],"replies":[{"embeddable":true,"href":"https:\/\/new.comcosur.com\/index.php?rest_route=%2Fwp%2Fv2%2Fcomments&post=2048"}],"wp:featuredmedia":[{"embeddable":true,"href":"https:\/\/new.comcosur.com\/index.php?rest_route=\/wp\/v2\/media\/2049"}],"wp:attachment":[{"href":"https:\/\/new.comcosur.com\/index.php?rest_route=%2Fwp%2Fv2%2Fmedia&parent=2048"}],"wp:term":[{"taxonomy":"product_brand","embeddable":true,"href":"https:\/\/new.comcosur.com\/index.php?rest_route=%2Fwp%2Fv2%2Fproduct_brand&post=2048"},{"taxonomy":"product_cat","embeddable":true,"href":"https:\/\/new.comcosur.com\/index.php?rest_route=%2Fwp%2Fv2%2Fproduct_cat&post=2048"},{"taxonomy":"product_tag","embeddable":true,"href":"https:\/\/new.comcosur.com\/index.php?rest_route=%2Fwp%2Fv2%2Fproduct_tag&post=2048"},{"taxonomy":"autor","embeddable":true,"href":"https:\/\/new.comcosur.com\/index.php?rest_route=%2Fwp%2Fv2%2Fautor&post=2048"}],"curies":[{"name":"wp","href":"https:\/\/api.w.org\/{rel}","templated":true}]}}