{"id":186,"date":"2022-05-15T21:54:27","date_gmt":"2022-05-16T02:54:27","guid":{"rendered":"https:\/\/new.comcosur.com\/?post_type=product&#038;p=186"},"modified":"2025-01-16T14:28:21","modified_gmt":"2025-01-16T19:28:21","slug":"1984","status":"publish","type":"product","link":"https:\/\/new.comcosur.com\/?product=1984","title":{"rendered":"1984"},"content":{"rendered":"","protected":false},"excerpt":{"rendered":"<p><em>1984<\/em>, m\u00e1s que una novela de ficci\u00f3n, es una profec\u00eda que describe una sociedad sometida a un Estado totalitario. Este r\u00e9gimen reprime y controla cada aspecto de la vida de las personas mediante el uso de tecnolog\u00edas avanzadas y polic\u00edas del pensamiento. Todo est\u00e1 meticulosamente estructurado y planificado desde la c\u00fapula que gobierna. El individuo se ve obligado a acatar la doctrina del r\u00e9gimen a trav\u00e9s del miedo, la ignorancia y la mentira.<\/p>\n<p>La figura omnipresente del Gran Hermano, solo visible a trav\u00e9s de telepantallas que tambi\u00e9n sirven para la propaganda del \u00fanico partido gobernante, el INSOG, simboliza el control absoluto del Estado sobre sus ciudadanos. Este Estado todo lo ve y todo lo sabe, manipulando y distorsionando la realidad para ajustarla a su ideolog\u00eda y as\u00ed controlar a las masas. Orwell introduce conceptos como la &#8216;Neolengua&#8217; y el &#8216;doblepensar&#8217; para ilustrar c\u00f3mo la manipulaci\u00f3n de la verdad busca moldear una nueva sociedad, donde las personas aceptan y legitiman al Estado y al Gran Hermano.<\/p>\n<p>La famosa cita &#8216;En tiempos de enga\u00f1o universal, decir la verdad es un acto revolucionario&#8217; resume la lucha constante por la verdad y la libertad individual en este sombr\u00edo panorama dist\u00f3pico.<\/p>\n","protected":false},"featured_media":2051,"comment_status":"closed","ping_status":"closed","template":"","meta":{"_acf_changed":false},"product_brand":[],"product_cat":[104],"product_tag":[],"autor":[69],"class_list":{"0":"post-186","1":"product","2":"type-product","3":"status-publish","4":"has-post-thumbnail","6":"product_cat-novela","7":"autor-george-orwell","9":"first","10":"instock","11":"shipping-taxable","12":"purchasable","13":"product-type-simple"},"acf":[],"_links":{"self":[{"href":"https:\/\/new.comcosur.com\/index.php?rest_route=\/wp\/v2\/product\/186","targetHints":{"allow":["GET"]}}],"collection":[{"href":"https:\/\/new.comcosur.com\/index.php?rest_route=\/wp\/v2\/product"}],"about":[{"href":"https:\/\/new.comcosur.com\/index.php?rest_route=\/wp\/v2\/types\/product"}],"replies":[{"embeddable":true,"href":"https:\/\/new.comcosur.com\/index.php?rest_route=%2Fwp%2Fv2%2Fcomments&post=186"}],"wp:featuredmedia":[{"embeddable":true,"href":"https:\/\/new.comcosur.com\/index.php?rest_route=\/wp\/v2\/media\/2051"}],"wp:attachment":[{"href":"https:\/\/new.comcosur.com\/index.php?rest_route=%2Fwp%2Fv2%2Fmedia&parent=186"}],"wp:term":[{"taxonomy":"product_brand","embeddable":true,"href":"https:\/\/new.comcosur.com\/index.php?rest_route=%2Fwp%2Fv2%2Fproduct_brand&post=186"},{"taxonomy":"product_cat","embeddable":true,"href":"https:\/\/new.comcosur.com\/index.php?rest_route=%2Fwp%2Fv2%2Fproduct_cat&post=186"},{"taxonomy":"product_tag","embeddable":true,"href":"https:\/\/new.comcosur.com\/index.php?rest_route=%2Fwp%2Fv2%2Fproduct_tag&post=186"},{"taxonomy":"autor","embeddable":true,"href":"https:\/\/new.comcosur.com\/index.php?rest_route=%2Fwp%2Fv2%2Fautor&post=186"}],"curies":[{"name":"wp","href":"https:\/\/api.w.org\/{rel}","templated":true}]}}