{"id":181,"date":"2022-05-15T21:54:26","date_gmt":"2022-05-16T02:54:26","guid":{"rendered":"https:\/\/new.comcosur.com\/?post_type=product&#038;p=181"},"modified":"2025-01-15T15:35:32","modified_gmt":"2025-01-15T20:35:32","slug":"historia-de-dos-ciudades","status":"publish","type":"product","link":"https:\/\/new.comcosur.com\/?product=historia-de-dos-ciudades","title":{"rendered":"Historia de dos Ciudades"},"content":{"rendered":"","protected":false},"excerpt":{"rendered":"<p>Era el mejor de los tiempos, era el peor de los tiempos, la edad de la sabidur\u00eda y tambi\u00e9n de la locura; la \u00e9poca de las creencias y de la incredulidad; la era de la luz y de las tinieblas; la primavera de la esperanza y el invierno de la desesperaci\u00f3n. Todo lo pose\u00edamos, pero no ten\u00edamos nada; camin\u00e1bamos en derechura al cielo y nos extravi\u00e1bamos por el camino opuesto. En una palabra, aquella \u00e9poca era tan parecida a la actual, que nuestras m\u00e1s notables autoridades insisten en que, tanto en lo que se refiere al bien como al mal, solo es aceptable la comparaci\u00f3n en grado superlativo.<\/p>\n","protected":false},"featured_media":1987,"comment_status":"closed","ping_status":"closed","template":"","meta":{"_acf_changed":false},"product_brand":[],"product_cat":[104],"product_tag":[],"autor":[30],"class_list":{"0":"post-181","1":"product","2":"type-product","3":"status-publish","4":"has-post-thumbnail","6":"product_cat-novela","7":"autor-charles-dickens","9":"first","10":"instock","11":"shipping-taxable","12":"purchasable","13":"product-type-simple"},"acf":[],"_links":{"self":[{"href":"https:\/\/new.comcosur.com\/index.php?rest_route=\/wp\/v2\/product\/181","targetHints":{"allow":["GET"]}}],"collection":[{"href":"https:\/\/new.comcosur.com\/index.php?rest_route=\/wp\/v2\/product"}],"about":[{"href":"https:\/\/new.comcosur.com\/index.php?rest_route=\/wp\/v2\/types\/product"}],"replies":[{"embeddable":true,"href":"https:\/\/new.comcosur.com\/index.php?rest_route=%2Fwp%2Fv2%2Fcomments&post=181"}],"wp:featuredmedia":[{"embeddable":true,"href":"https:\/\/new.comcosur.com\/index.php?rest_route=\/wp\/v2\/media\/1987"}],"wp:attachment":[{"href":"https:\/\/new.comcosur.com\/index.php?rest_route=%2Fwp%2Fv2%2Fmedia&parent=181"}],"wp:term":[{"taxonomy":"product_brand","embeddable":true,"href":"https:\/\/new.comcosur.com\/index.php?rest_route=%2Fwp%2Fv2%2Fproduct_brand&post=181"},{"taxonomy":"product_cat","embeddable":true,"href":"https:\/\/new.comcosur.com\/index.php?rest_route=%2Fwp%2Fv2%2Fproduct_cat&post=181"},{"taxonomy":"product_tag","embeddable":true,"href":"https:\/\/new.comcosur.com\/index.php?rest_route=%2Fwp%2Fv2%2Fproduct_tag&post=181"},{"taxonomy":"autor","embeddable":true,"href":"https:\/\/new.comcosur.com\/index.php?rest_route=%2Fwp%2Fv2%2Fautor&post=181"}],"curies":[{"name":"wp","href":"https:\/\/api.w.org\/{rel}","templated":true}]}}