{"id":172,"date":"2022-05-15T21:54:25","date_gmt":"2022-05-16T02:54:25","guid":{"rendered":"https:\/\/new.comcosur.com\/?post_type=product&#038;p=172"},"modified":"2025-01-16T14:44:31","modified_gmt":"2025-01-16T19:44:31","slug":"un-mundo-feliz","status":"publish","type":"product","link":"https:\/\/new.comcosur.com\/?product=un-mundo-feliz","title":{"rendered":"Un mundo feliz"},"content":{"rendered":"","protected":false},"excerpt":{"rendered":"<p><em>Un mundo feliz<\/em>, novela escrita en 1932 bajo el t\u00edtulo <em>Brave New World<\/em>, recrea una democracia que no lo es, una dictadura que no lo parece, una c\u00e1rcel en donde los prisioneros no quieren escapar porque no saben que lo son, condicionados desde su extra\u00f1a concepci\u00f3n para ser lo que tienen que ser.<\/p>\n<p>Huxley nos presenta una sociedad altamente tecnol\u00f3gica que utiliza todos los medios posibles para condicionar y controlar a la masa a fin de conseguir la estabilidad social. Los ni\u00f1os no nacen, se hacen, y est\u00e1n gen\u00e9ticamente manipulados para pertenecer a una de las cinco categor\u00edas de la poblaci\u00f3n, jer\u00e1rquicamente estructuradas: Alfa (la \u00e9lite, los m\u00e1s inteligentes), Beta, Gamma, Delta y Epsilon (las castas inferiores, menos desarrolladas f\u00edsica e intelectualmente).<\/p>\n","protected":false},"featured_media":520,"comment_status":"closed","ping_status":"closed","template":"","meta":{"_acf_changed":false},"product_brand":[],"product_cat":[112,104],"product_tag":[],"autor":[173],"class_list":{"0":"post-172","1":"product","2":"type-product","3":"status-publish","4":"has-post-thumbnail","6":"product_cat-autoayuda","7":"product_cat-novela","8":"autor-aldous-huxley","10":"first","11":"instock","12":"shipping-taxable","13":"purchasable","14":"product-type-simple"},"acf":[],"_links":{"self":[{"href":"https:\/\/new.comcosur.com\/index.php?rest_route=\/wp\/v2\/product\/172","targetHints":{"allow":["GET"]}}],"collection":[{"href":"https:\/\/new.comcosur.com\/index.php?rest_route=\/wp\/v2\/product"}],"about":[{"href":"https:\/\/new.comcosur.com\/index.php?rest_route=\/wp\/v2\/types\/product"}],"replies":[{"embeddable":true,"href":"https:\/\/new.comcosur.com\/index.php?rest_route=%2Fwp%2Fv2%2Fcomments&post=172"}],"wp:featuredmedia":[{"embeddable":true,"href":"https:\/\/new.comcosur.com\/index.php?rest_route=\/wp\/v2\/media\/520"}],"wp:attachment":[{"href":"https:\/\/new.comcosur.com\/index.php?rest_route=%2Fwp%2Fv2%2Fmedia&parent=172"}],"wp:term":[{"taxonomy":"product_brand","embeddable":true,"href":"https:\/\/new.comcosur.com\/index.php?rest_route=%2Fwp%2Fv2%2Fproduct_brand&post=172"},{"taxonomy":"product_cat","embeddable":true,"href":"https:\/\/new.comcosur.com\/index.php?rest_route=%2Fwp%2Fv2%2Fproduct_cat&post=172"},{"taxonomy":"product_tag","embeddable":true,"href":"https:\/\/new.comcosur.com\/index.php?rest_route=%2Fwp%2Fv2%2Fproduct_tag&post=172"},{"taxonomy":"autor","embeddable":true,"href":"https:\/\/new.comcosur.com\/index.php?rest_route=%2Fwp%2Fv2%2Fautor&post=172"}],"curies":[{"name":"wp","href":"https:\/\/api.w.org\/{rel}","templated":true}]}}