{"id":171,"date":"2022-05-15T21:54:25","date_gmt":"2022-05-16T02:54:25","guid":{"rendered":"https:\/\/new.comcosur.com\/?post_type=product&#038;p=171"},"modified":"2025-01-16T10:53:44","modified_gmt":"2025-01-16T15:53:44","slug":"romeo-y-julieta","status":"publish","type":"product","link":"https:\/\/new.comcosur.com\/?product=romeo-y-julieta","title":{"rendered":"Romeo y Julieta"},"content":{"rendered":"","protected":false},"excerpt":{"rendered":"<p>\u00bfQu\u00e9 veo? \u00bfLuz en la ventana? Es el sol naciente, y Julieta es el sol. Sal, hermoso sol, y mata a la luna que agoniza ya de envidia porque t\u00fa, su servidora, eres m\u00e1s hermosa que ella. No la sirvas m\u00e1s: ella te envidia; la t\u00fanica que lleva est\u00e1 marchita y solo los necios querr\u00e1n usarla; \u00a1arr\u00f3jala de ti! \u00a1Es mi vida! \u00a1Es mi amada quien est\u00e1 ah\u00ed! \u00a1Oh, si ella supiera que es mi due\u00f1a\u2026! Nada me ha dicho\u2026 Pero \u00bfimporta algo? Sus ojos hablan; los m\u00edos le responden. \u00bfEs eso cierto? \u00bfO no es a m\u00ed a quien hablan? Las dos estrellas nocturnas m\u00e1s hermosas suplican a sus ojos, antes del alba, que las reemplace durante su ausencia. \u00bfY si sus ojos pertenecieran a la noche y esas estrellas a su rostro? Su rostro las apagar\u00eda con su luz, como el d\u00eda apaga las antorchas. En lo alto, sus ojos trazar\u00edan una estela tan brillante que cantar\u00edan las aves como en la aurora. \u00a1Mirad, ahora, c\u00f3mo apoya en su mano la mejilla! \u00bfQui\u00e9n pudiera ser el guante de esa mano para tocarla como el guante que la cubre?<\/p>\n","protected":false},"featured_media":1018,"comment_status":"closed","ping_status":"closed","template":"","meta":{"_acf_changed":false},"product_brand":[],"product_cat":[98,117],"product_tag":[],"autor":[51],"class_list":{"0":"post-171","1":"product","2":"type-product","3":"status-publish","4":"has-post-thumbnail","6":"product_cat-novela-rosa","7":"product_cat-tragedia","8":"autor-william-shakespeare","10":"first","11":"instock","12":"shipping-taxable","13":"purchasable","14":"product-type-simple"},"acf":[],"_links":{"self":[{"href":"https:\/\/new.comcosur.com\/index.php?rest_route=\/wp\/v2\/product\/171","targetHints":{"allow":["GET"]}}],"collection":[{"href":"https:\/\/new.comcosur.com\/index.php?rest_route=\/wp\/v2\/product"}],"about":[{"href":"https:\/\/new.comcosur.com\/index.php?rest_route=\/wp\/v2\/types\/product"}],"replies":[{"embeddable":true,"href":"https:\/\/new.comcosur.com\/index.php?rest_route=%2Fwp%2Fv2%2Fcomments&post=171"}],"wp:featuredmedia":[{"embeddable":true,"href":"https:\/\/new.comcosur.com\/index.php?rest_route=\/wp\/v2\/media\/1018"}],"wp:attachment":[{"href":"https:\/\/new.comcosur.com\/index.php?rest_route=%2Fwp%2Fv2%2Fmedia&parent=171"}],"wp:term":[{"taxonomy":"product_brand","embeddable":true,"href":"https:\/\/new.comcosur.com\/index.php?rest_route=%2Fwp%2Fv2%2Fproduct_brand&post=171"},{"taxonomy":"product_cat","embeddable":true,"href":"https:\/\/new.comcosur.com\/index.php?rest_route=%2Fwp%2Fv2%2Fproduct_cat&post=171"},{"taxonomy":"product_tag","embeddable":true,"href":"https:\/\/new.comcosur.com\/index.php?rest_route=%2Fwp%2Fv2%2Fproduct_tag&post=171"},{"taxonomy":"autor","embeddable":true,"href":"https:\/\/new.comcosur.com\/index.php?rest_route=%2Fwp%2Fv2%2Fautor&post=171"}],"curies":[{"name":"wp","href":"https:\/\/api.w.org\/{rel}","templated":true}]}}