{"id":163,"date":"2022-05-15T21:54:24","date_gmt":"2022-05-16T02:54:24","guid":{"rendered":"https:\/\/new.comcosur.com\/?post_type=product&#038;p=163"},"modified":"2025-01-15T17:05:10","modified_gmt":"2025-01-15T22:05:10","slug":"mas-alla-del-bien-y-del-mal","status":"publish","type":"product","link":"https:\/\/new.comcosur.com\/?product=mas-alla-del-bien-y-del-mal","title":{"rendered":"M\u00e1s all\u00e1 del bien y del mal"},"content":{"rendered":"","protected":false},"excerpt":{"rendered":"<p>Este libro, <em>M\u00e1s all\u00e1 del bien y del mal<\/em> &#8211; <em>Jenseits von Gut und B\u00f6se<\/em> &#8211; (1886), es una muestra del pensamiento maduro de Nietzsche; hay en \u00e9l un alejamiento de las obras axiol\u00f3gicas que se encontraban hasta entonces en la filosof\u00eda. En sus nueve secciones, Nietzsche ataca la obstinaci\u00f3n de los fil\u00f3sofos, unas veces cegados por la b\u00fasqueda de la verdad, otras, atados a sus prejuicios, y siempre, sin la suficiente voluntad para elevarse por encima del \u201cpopulacho\u201d. El subt\u00edtulo del libro, <em>Preludio de una Filosof\u00eda del futuro<\/em>, aclara que, adem\u00e1s de ese ataque a todo el pensamiento que lo antecede, Nietzsche proyecta un posible espacio de superaci\u00f3n, la figura de un hombre que reniega de todo aquello que no va en consonancia con su arresto, con su vigor.<\/p>\n","protected":false},"featured_media":495,"comment_status":"closed","ping_status":"closed","template":"","meta":{"_acf_changed":false},"product_brand":[],"product_cat":[105],"product_tag":[],"autor":[32],"class_list":{"0":"post-163","1":"product","2":"type-product","3":"status-publish","4":"has-post-thumbnail","6":"product_cat-obra-de-referencia","7":"autor-friedrich-nietzsche","9":"first","10":"instock","11":"shipping-taxable","12":"purchasable","13":"product-type-simple"},"acf":[],"_links":{"self":[{"href":"https:\/\/new.comcosur.com\/index.php?rest_route=\/wp\/v2\/product\/163","targetHints":{"allow":["GET"]}}],"collection":[{"href":"https:\/\/new.comcosur.com\/index.php?rest_route=\/wp\/v2\/product"}],"about":[{"href":"https:\/\/new.comcosur.com\/index.php?rest_route=\/wp\/v2\/types\/product"}],"replies":[{"embeddable":true,"href":"https:\/\/new.comcosur.com\/index.php?rest_route=%2Fwp%2Fv2%2Fcomments&post=163"}],"wp:featuredmedia":[{"embeddable":true,"href":"https:\/\/new.comcosur.com\/index.php?rest_route=\/wp\/v2\/media\/495"}],"wp:attachment":[{"href":"https:\/\/new.comcosur.com\/index.php?rest_route=%2Fwp%2Fv2%2Fmedia&parent=163"}],"wp:term":[{"taxonomy":"product_brand","embeddable":true,"href":"https:\/\/new.comcosur.com\/index.php?rest_route=%2Fwp%2Fv2%2Fproduct_brand&post=163"},{"taxonomy":"product_cat","embeddable":true,"href":"https:\/\/new.comcosur.com\/index.php?rest_route=%2Fwp%2Fv2%2Fproduct_cat&post=163"},{"taxonomy":"product_tag","embeddable":true,"href":"https:\/\/new.comcosur.com\/index.php?rest_route=%2Fwp%2Fv2%2Fproduct_tag&post=163"},{"taxonomy":"autor","embeddable":true,"href":"https:\/\/new.comcosur.com\/index.php?rest_route=%2Fwp%2Fv2%2Fautor&post=163"}],"curies":[{"name":"wp","href":"https:\/\/api.w.org\/{rel}","templated":true}]}}