{"id":1546,"date":"2023-07-05T08:52:37","date_gmt":"2023-07-05T13:52:37","guid":{"rendered":"https:\/\/new.comcosur.com\/?post_type=product&#038;p=1546"},"modified":"2025-01-15T16:58:52","modified_gmt":"2025-01-15T21:58:52","slug":"los-siete-libros-de-la-sabiduria","status":"publish","type":"product","link":"https:\/\/new.comcosur.com\/?product=los-siete-libros-de-la-sabiduria","title":{"rendered":"Los siete libros de la sabidur\u00eda"},"content":{"rendered":"","protected":false},"excerpt":{"rendered":"<p>\u2b50\u2b50\u2b50\u2b50\u2b50<\/p>\n<p>Sin duda el pensamiento de S\u00e9neca ha influenciado de manera positiva a la cultura occidental y contiene una formulaci\u00f3n significativa de las ideas que forman el estoicismo. <em>Los siete libros de la sabidur\u00eda<\/em> es una obra maestra por la sapiencia que los conforma. S\u00e9neca nos expone que el destino es seguir la propia naturaleza y que la plenitud se puede alcanzar con el alma sana, pues solo el vivir sin angustias nos lleva a la armon\u00eda y al bienestar. Sentimientos negativos como la ira, el resentimiento o la resignaci\u00f3n son piedras demasiado pesadas para transitar el camino de la vida. Si conocemos nuestro prop\u00f3sito hemos empezado el primer paso de un camino de mil millas.<\/p>\n","protected":false},"featured_media":1672,"comment_status":"closed","ping_status":"closed","template":"","meta":{"_acf_changed":false},"product_brand":[],"product_cat":[15,112,107,109,126],"product_tag":[],"autor":[158],"class_list":{"0":"post-1546","1":"product","2":"type-product","3":"status-publish","4":"has-post-thumbnail","6":"product_cat-literatura","7":"product_cat-autoayuda","8":"product_cat-etica-y-civismo","9":"product_cat-filosofia","10":"product_cat-literatura-juvenil","11":"autor-seneca","13":"first","14":"instock","15":"shipping-taxable","16":"purchasable","17":"product-type-simple"},"acf":[],"_links":{"self":[{"href":"https:\/\/new.comcosur.com\/index.php?rest_route=\/wp\/v2\/product\/1546","targetHints":{"allow":["GET"]}}],"collection":[{"href":"https:\/\/new.comcosur.com\/index.php?rest_route=\/wp\/v2\/product"}],"about":[{"href":"https:\/\/new.comcosur.com\/index.php?rest_route=\/wp\/v2\/types\/product"}],"replies":[{"embeddable":true,"href":"https:\/\/new.comcosur.com\/index.php?rest_route=%2Fwp%2Fv2%2Fcomments&post=1546"}],"wp:featuredmedia":[{"embeddable":true,"href":"https:\/\/new.comcosur.com\/index.php?rest_route=\/wp\/v2\/media\/1672"}],"wp:attachment":[{"href":"https:\/\/new.comcosur.com\/index.php?rest_route=%2Fwp%2Fv2%2Fmedia&parent=1546"}],"wp:term":[{"taxonomy":"product_brand","embeddable":true,"href":"https:\/\/new.comcosur.com\/index.php?rest_route=%2Fwp%2Fv2%2Fproduct_brand&post=1546"},{"taxonomy":"product_cat","embeddable":true,"href":"https:\/\/new.comcosur.com\/index.php?rest_route=%2Fwp%2Fv2%2Fproduct_cat&post=1546"},{"taxonomy":"product_tag","embeddable":true,"href":"https:\/\/new.comcosur.com\/index.php?rest_route=%2Fwp%2Fv2%2Fproduct_tag&post=1546"},{"taxonomy":"autor","embeddable":true,"href":"https:\/\/new.comcosur.com\/index.php?rest_route=%2Fwp%2Fv2%2Fautor&post=1546"}],"curies":[{"name":"wp","href":"https:\/\/api.w.org\/{rel}","templated":true}]}}