{"id":1542,"date":"2023-07-05T08:38:45","date_gmt":"2023-07-05T13:38:45","guid":{"rendered":"https:\/\/new.comcosur.com\/?post_type=product&#038;p=1542"},"modified":"2025-01-15T12:10:32","modified_gmt":"2025-01-15T17:10:32","slug":"cuentos-de-los-hermanos-grimm","status":"publish","type":"product","link":"https:\/\/new.comcosur.com\/?product=cuentos-de-los-hermanos-grimm","title":{"rendered":"Cuentos de los hermanos Grimm"},"content":{"rendered":"","protected":false},"excerpt":{"rendered":"<p>\u2b50\u2b50\u2b50\u2b50\u2b50<\/p>\n<p>Los cuentos de los hermanos Grimm son conocidos a nivel mundial y han marcado la infancia de varias generaciones, pues la hermosura de sus historias ha perdurado en el tiempo e impactado tanto que estos relatos se consideran hoy d\u00eda patrimonio universal.<\/p>\n<p>Esta es una colecci\u00f3n \u00fanica en la que encontrar\u00e1s los m\u00e1s bellos cuentos que han marcado la historia de la literatura universal. En esta edici\u00f3n figuran narraciones tan famosas como <em>Blancanieves<\/em>, <em>La Cenicienta<\/em>, <em>Pulgarcito<\/em>, <em>Juan con suerte<\/em>, <em>La bella durmiente<\/em>, <em>El pr\u00edncipe rana<\/em>, <em>Juan sin miedo<\/em>, <em>Rapunzel<\/em>, <em>Hansel y Gretel<\/em>, etc. La presente edici\u00f3n posee hermosas ilustraciones especialmente seleccionadas, haciendo de este ejemplar una verdadera joya.<\/p>\n","protected":false},"featured_media":1673,"comment_status":"closed","ping_status":"closed","template":"","meta":{"_acf_changed":false},"product_brand":[],"product_cat":[15,99,100,126,122,101,146],"product_tag":[],"autor":[157],"class_list":{"0":"post-1542","1":"product","2":"type-product","3":"status-publish","4":"has-post-thumbnail","6":"product_cat-literatura","7":"product_cat-ficcion-gotica","8":"product_cat-horror","9":"product_cat-literatura-juvenil","10":"product_cat-literatura-mistica","11":"product_cat-misterio","12":"product_cat-terror","13":"autor-wilhelm-grimm","15":"first","16":"instock","17":"shipping-taxable","18":"purchasable","19":"product-type-simple"},"acf":[],"_links":{"self":[{"href":"https:\/\/new.comcosur.com\/index.php?rest_route=\/wp\/v2\/product\/1542","targetHints":{"allow":["GET"]}}],"collection":[{"href":"https:\/\/new.comcosur.com\/index.php?rest_route=\/wp\/v2\/product"}],"about":[{"href":"https:\/\/new.comcosur.com\/index.php?rest_route=\/wp\/v2\/types\/product"}],"replies":[{"embeddable":true,"href":"https:\/\/new.comcosur.com\/index.php?rest_route=%2Fwp%2Fv2%2Fcomments&post=1542"}],"wp:featuredmedia":[{"embeddable":true,"href":"https:\/\/new.comcosur.com\/index.php?rest_route=\/wp\/v2\/media\/1673"}],"wp:attachment":[{"href":"https:\/\/new.comcosur.com\/index.php?rest_route=%2Fwp%2Fv2%2Fmedia&parent=1542"}],"wp:term":[{"taxonomy":"product_brand","embeddable":true,"href":"https:\/\/new.comcosur.com\/index.php?rest_route=%2Fwp%2Fv2%2Fproduct_brand&post=1542"},{"taxonomy":"product_cat","embeddable":true,"href":"https:\/\/new.comcosur.com\/index.php?rest_route=%2Fwp%2Fv2%2Fproduct_cat&post=1542"},{"taxonomy":"product_tag","embeddable":true,"href":"https:\/\/new.comcosur.com\/index.php?rest_route=%2Fwp%2Fv2%2Fproduct_tag&post=1542"},{"taxonomy":"autor","embeddable":true,"href":"https:\/\/new.comcosur.com\/index.php?rest_route=%2Fwp%2Fv2%2Fautor&post=1542"}],"curies":[{"name":"wp","href":"https:\/\/api.w.org\/{rel}","templated":true}]}}