{"id":1536,"date":"2023-06-05T16:39:03","date_gmt":"2023-06-05T21:39:03","guid":{"rendered":"https:\/\/new.comcosur.com\/?post_type=product&#038;p=1536"},"modified":"2025-01-15T16:51:24","modified_gmt":"2025-01-15T21:51:24","slug":"las-memorias-de-sherlock-holmes","status":"publish","type":"product","link":"https:\/\/new.comcosur.com\/?product=las-memorias-de-sherlock-holmes","title":{"rendered":"Las memorias de Sherlock Holmes"},"content":{"rendered":"","protected":false},"excerpt":{"rendered":"<p>\u2b50\u2b50\u2b50\u2b50\u2b50<\/p>\n<p><em>Las memorias de Sherlock Holmes<\/em> re\u00fane once fascinantes relatos que nos permiten vivir las aventuras del detective m\u00e1s famoso del mundo.<\/p>\n<p>Las narraciones protagonizadas anteriormente por Sherlock Holmes en el volumen <em>Las aventuras de Sherlock Holmes<\/em>, desataron admiraci\u00f3n y fervor en los lectores, llevando a la prolongaci\u00f3n de las andanzas del detective, convirti\u00e9ndolo en este \u00faltimo ejemplar en un personaje de leyenda. <em>Las memorias de Sherlock Holmes<\/em> recopilan en esta segunda serie de aventuras, las historias m\u00e1s c\u00e9lebres que tienen como eje al inolvidable inquilino del 221b de Baker Street.<\/p>\n<p>En este libro, Sherlock Holmes se enfrenta a varios casos, pero ninguno podr\u00eda pronosticar el desaf\u00edo de \u00abEl problema final\u00bb, en el que el doctor Watson nos cuenta, con el coraz\u00f3n acongojado, la historia del encuentro m\u00e1s dram\u00e1tico entre Holmes y su genial y vil archienemigo, el profesor Moriarty.<\/p>\n","protected":false},"featured_media":1674,"comment_status":"closed","ping_status":"closed","template":"","meta":{"_acf_changed":false},"product_brand":[],"product_cat":[96,109,97],"product_tag":[],"autor":[145],"class_list":{"0":"post-1536","1":"product","2":"type-product","3":"status-publish","4":"has-post-thumbnail","6":"product_cat-ficcion","7":"product_cat-filosofia","8":"product_cat-novela-de-aventuras","9":"autor-arthur-conan-doyle","11":"first","12":"instock","13":"shipping-taxable","14":"purchasable","15":"product-type-simple"},"acf":[],"_links":{"self":[{"href":"https:\/\/new.comcosur.com\/index.php?rest_route=\/wp\/v2\/product\/1536","targetHints":{"allow":["GET"]}}],"collection":[{"href":"https:\/\/new.comcosur.com\/index.php?rest_route=\/wp\/v2\/product"}],"about":[{"href":"https:\/\/new.comcosur.com\/index.php?rest_route=\/wp\/v2\/types\/product"}],"replies":[{"embeddable":true,"href":"https:\/\/new.comcosur.com\/index.php?rest_route=%2Fwp%2Fv2%2Fcomments&post=1536"}],"wp:featuredmedia":[{"embeddable":true,"href":"https:\/\/new.comcosur.com\/index.php?rest_route=\/wp\/v2\/media\/1674"}],"wp:attachment":[{"href":"https:\/\/new.comcosur.com\/index.php?rest_route=%2Fwp%2Fv2%2Fmedia&parent=1536"}],"wp:term":[{"taxonomy":"product_brand","embeddable":true,"href":"https:\/\/new.comcosur.com\/index.php?rest_route=%2Fwp%2Fv2%2Fproduct_brand&post=1536"},{"taxonomy":"product_cat","embeddable":true,"href":"https:\/\/new.comcosur.com\/index.php?rest_route=%2Fwp%2Fv2%2Fproduct_cat&post=1536"},{"taxonomy":"product_tag","embeddable":true,"href":"https:\/\/new.comcosur.com\/index.php?rest_route=%2Fwp%2Fv2%2Fproduct_tag&post=1536"},{"taxonomy":"autor","embeddable":true,"href":"https:\/\/new.comcosur.com\/index.php?rest_route=%2Fwp%2Fv2%2Fautor&post=1536"}],"curies":[{"name":"wp","href":"https:\/\/api.w.org\/{rel}","templated":true}]}}