{"id":1533,"date":"2023-06-05T16:34:53","date_gmt":"2023-06-05T21:34:53","guid":{"rendered":"https:\/\/new.comcosur.com\/?post_type=product&#038;p=1533"},"modified":"2025-01-15T12:37:42","modified_gmt":"2025-01-15T17:37:42","slug":"el-diablo-de-la-botella","status":"publish","type":"product","link":"https:\/\/new.comcosur.com\/?product=el-diablo-de-la-botella","title":{"rendered":"El diablo de la botella"},"content":{"rendered":"<p>y otros relatos<\/p>\n","protected":false},"excerpt":{"rendered":"<p>\u2b50\u2b50\u2b50\u2b50\u2b50<\/p>\n<div class=\"flex max-w-full flex-col flex-grow\">\n<div class=\"min-h-8 text-message flex w-full flex-col items-end gap-2 whitespace-normal break-words text-start [.text-message+&amp;]:mt-5\" dir=\"auto\" data-message-author-role=\"assistant\" data-message-id=\"24d78d3c-7979-41bf-9b0b-e26fc9fad125\" data-message-model-slug=\"gpt-4o-mini\">\n<div class=\"flex w-full flex-col gap-1 empty:hidden first:pt-[3px]\">\n<div class=\"markdown prose w-full break-words dark:prose-invert light\">\n<p>Robert Louis Stevenson es considerado un maestro de la novela fant\u00e1stica, pues sus obras son perfectamente construidas y estructuradas, ocupando la cima en los relatos de aventuras. <em>El diablo de la botella<\/em> representa la creatividad y el genio, caracter\u00edsticas propias del autor. El presente libro comprende tambi\u00e9n: <em>El extra\u00f1o caso del Dr. Jekyll y el Sr. Hyde<\/em>, el cual es modelo de su maestr\u00eda como escritor; <em>El ladr\u00f3n de cad\u00e1veres<\/em>, impresionante relato de terror; <em>La isla de las voces<\/em>, dotado tambi\u00e9n de misterio y horror, ambientado en las islas del sur; <em>Olalla<\/em>, apasionante historia de fina prosa con un sutil ambiente de horror mezclado con romanticismo. Esta selecci\u00f3n de historias de Stevenson ha deleitado a generaciones de lectores que a\u00fan en nuestros d\u00edas reconocen en el escritor la calidad de su pluma. Parafraseando a Borges: \u201cEl descubrimiento de Stevenson es una de las perdurables felicidades que puede deparar la literatura\u201d.<\/p>\n<\/div>\n<\/div>\n<\/div>\n<\/div>\n","protected":false},"featured_media":1675,"comment_status":"closed","ping_status":"closed","template":"","meta":{"_acf_changed":false},"product_brand":[],"product_cat":[15,99,100,126,122,101,129,104,146],"product_tag":[],"autor":[37],"class_list":{"0":"post-1533","1":"product","2":"type-product","3":"status-publish","4":"has-post-thumbnail","6":"product_cat-literatura","7":"product_cat-ficcion-gotica","8":"product_cat-horror","9":"product_cat-literatura-juvenil","10":"product_cat-literatura-mistica","11":"product_cat-misterio","12":"product_cat-narracion-poesia","13":"product_cat-novela","14":"product_cat-terror","15":"autor-robert-louis-stevenson","17":"first","18":"instock","19":"shipping-taxable","20":"purchasable","21":"product-type-simple"},"acf":[],"_links":{"self":[{"href":"https:\/\/new.comcosur.com\/index.php?rest_route=\/wp\/v2\/product\/1533","targetHints":{"allow":["GET"]}}],"collection":[{"href":"https:\/\/new.comcosur.com\/index.php?rest_route=\/wp\/v2\/product"}],"about":[{"href":"https:\/\/new.comcosur.com\/index.php?rest_route=\/wp\/v2\/types\/product"}],"replies":[{"embeddable":true,"href":"https:\/\/new.comcosur.com\/index.php?rest_route=%2Fwp%2Fv2%2Fcomments&post=1533"}],"wp:featuredmedia":[{"embeddable":true,"href":"https:\/\/new.comcosur.com\/index.php?rest_route=\/wp\/v2\/media\/1675"}],"wp:attachment":[{"href":"https:\/\/new.comcosur.com\/index.php?rest_route=%2Fwp%2Fv2%2Fmedia&parent=1533"}],"wp:term":[{"taxonomy":"product_brand","embeddable":true,"href":"https:\/\/new.comcosur.com\/index.php?rest_route=%2Fwp%2Fv2%2Fproduct_brand&post=1533"},{"taxonomy":"product_cat","embeddable":true,"href":"https:\/\/new.comcosur.com\/index.php?rest_route=%2Fwp%2Fv2%2Fproduct_cat&post=1533"},{"taxonomy":"product_tag","embeddable":true,"href":"https:\/\/new.comcosur.com\/index.php?rest_route=%2Fwp%2Fv2%2Fproduct_tag&post=1533"},{"taxonomy":"autor","embeddable":true,"href":"https:\/\/new.comcosur.com\/index.php?rest_route=%2Fwp%2Fv2%2Fautor&post=1533"}],"curies":[{"name":"wp","href":"https:\/\/api.w.org\/{rel}","templated":true}]}}