{"id":152,"date":"2022-05-15T21:54:22","date_gmt":"2022-05-16T02:54:22","guid":{"rendered":"https:\/\/new.comcosur.com\/?post_type=product&#038;p=152"},"modified":"2025-01-15T16:25:36","modified_gmt":"2025-01-15T21:25:36","slug":"la-politica","status":"publish","type":"product","link":"https:\/\/new.comcosur.com\/?product=la-politica","title":{"rendered":"La Pol\u00edtica"},"content":{"rendered":"","protected":false},"excerpt":{"rendered":"<p>La naturaleza, teniendo en cuenta la necesidad de conservaci\u00f3n, ha creado a unos seres para mandar y a otros para obedecer. Ha dispuesto que el ser dotado de raz\u00f3n y previsi\u00f3n mande como due\u00f1o, y que el ser capacitado por sus facultades corporales para ejecutar \u00f3rdenes obedezca como esclavo. De esta forma, el inter\u00e9s del se\u00f1or y el del esclavo se entrelazan.<\/p>\n<p>La naturaleza ha determinado, por consiguiente, la condici\u00f3n particular de la mujer y la del esclavo. No act\u00faa como los artistas mezquinos que fabrican cuchillos de Delfos, los cuales sirven para muchos prop\u00f3sitos pero son deficientes en todos. En cambio, en la naturaleza cada ser tiene un \u00fanico prop\u00f3sito, ya que los instrumentos son m\u00e1s perfectos cuando est\u00e1n dise\u00f1ados para una sola funci\u00f3n en lugar de para muchas.<\/p>\n","protected":false},"featured_media":481,"comment_status":"closed","ping_status":"closed","template":"","meta":{"_acf_changed":false},"product_brand":[],"product_cat":[126],"product_tag":[],"autor":[58],"class_list":{"0":"post-152","1":"product","2":"type-product","3":"status-publish","4":"has-post-thumbnail","6":"product_cat-literatura-juvenil","7":"autor-aristoteles","9":"first","10":"instock","11":"shipping-taxable","12":"purchasable","13":"product-type-simple"},"acf":[],"_links":{"self":[{"href":"https:\/\/new.comcosur.com\/index.php?rest_route=\/wp\/v2\/product\/152","targetHints":{"allow":["GET"]}}],"collection":[{"href":"https:\/\/new.comcosur.com\/index.php?rest_route=\/wp\/v2\/product"}],"about":[{"href":"https:\/\/new.comcosur.com\/index.php?rest_route=\/wp\/v2\/types\/product"}],"replies":[{"embeddable":true,"href":"https:\/\/new.comcosur.com\/index.php?rest_route=%2Fwp%2Fv2%2Fcomments&post=152"}],"wp:featuredmedia":[{"embeddable":true,"href":"https:\/\/new.comcosur.com\/index.php?rest_route=\/wp\/v2\/media\/481"}],"wp:attachment":[{"href":"https:\/\/new.comcosur.com\/index.php?rest_route=%2Fwp%2Fv2%2Fmedia&parent=152"}],"wp:term":[{"taxonomy":"product_brand","embeddable":true,"href":"https:\/\/new.comcosur.com\/index.php?rest_route=%2Fwp%2Fv2%2Fproduct_brand&post=152"},{"taxonomy":"product_cat","embeddable":true,"href":"https:\/\/new.comcosur.com\/index.php?rest_route=%2Fwp%2Fv2%2Fproduct_cat&post=152"},{"taxonomy":"product_tag","embeddable":true,"href":"https:\/\/new.comcosur.com\/index.php?rest_route=%2Fwp%2Fv2%2Fproduct_tag&post=152"},{"taxonomy":"autor","embeddable":true,"href":"https:\/\/new.comcosur.com\/index.php?rest_route=%2Fwp%2Fv2%2Fautor&post=152"}],"curies":[{"name":"wp","href":"https:\/\/api.w.org\/{rel}","templated":true}]}}