{"id":151,"date":"2022-05-15T21:54:22","date_gmt":"2022-05-16T02:54:22","guid":{"rendered":"https:\/\/new.comcosur.com\/?post_type=product&#038;p=151"},"modified":"2025-01-15T16:24:20","modified_gmt":"2025-01-15T21:24:20","slug":"la-peste","status":"publish","type":"product","link":"https:\/\/new.comcosur.com\/?product=la-peste","title":{"rendered":"La Peste"},"content":{"rendered":"","protected":false},"excerpt":{"rendered":"<div class=\"container\">\n<div class=\"row mb--60\">\n<div class=\"col-lg-7 mt--30 mt-lg--30\">\n<div class=\"product-details-info pl-lg--30 \">\n<article class=\"product-details-article\"><em>La peste<\/em> es una obra fundamental del siglo XX y est\u00e1 considerada un cl\u00e1sico del existencialismo, aunque Camus no lo ve\u00eda de esa manera. De car\u00e1cter profundamente humanista, en ella la idea de la solidaridad humana ante la tragedia de la existencia se impone sobre la noci\u00f3n del absurdo.<\/p>\n<p><em>La peste<\/em> es una novela que relata, de forma cruda, c\u00f3mo la naturaleza, a trav\u00e9s de un virus desconocido, puede llegar a destruir miles de vidas, sin que la humanidad tenga la capacidad de evitarlo. Es una situaci\u00f3n absurda e inevitable que cada ser humano debe enfrentar como parte de su destino.<\/p>\n<\/article>\n<\/div>\n<\/div>\n<\/div>\n<\/div>\n<section class=\"\">\n<div class=\"container\"><\/div>\n<\/section>\n","protected":false},"featured_media":480,"comment_status":"closed","ping_status":"closed","template":"","meta":{"_acf_changed":false},"product_brand":[],"product_cat":[104,111],"product_tag":[],"autor":[36],"class_list":{"0":"post-151","1":"product","2":"type-product","3":"status-publish","4":"has-post-thumbnail","6":"product_cat-novela","7":"product_cat-novela-filosofica","8":"autor-albert-camus","10":"first","11":"instock","12":"shipping-taxable","13":"purchasable","14":"product-type-simple"},"acf":[],"_links":{"self":[{"href":"https:\/\/new.comcosur.com\/index.php?rest_route=\/wp\/v2\/product\/151","targetHints":{"allow":["GET"]}}],"collection":[{"href":"https:\/\/new.comcosur.com\/index.php?rest_route=\/wp\/v2\/product"}],"about":[{"href":"https:\/\/new.comcosur.com\/index.php?rest_route=\/wp\/v2\/types\/product"}],"replies":[{"embeddable":true,"href":"https:\/\/new.comcosur.com\/index.php?rest_route=%2Fwp%2Fv2%2Fcomments&post=151"}],"wp:featuredmedia":[{"embeddable":true,"href":"https:\/\/new.comcosur.com\/index.php?rest_route=\/wp\/v2\/media\/480"}],"wp:attachment":[{"href":"https:\/\/new.comcosur.com\/index.php?rest_route=%2Fwp%2Fv2%2Fmedia&parent=151"}],"wp:term":[{"taxonomy":"product_brand","embeddable":true,"href":"https:\/\/new.comcosur.com\/index.php?rest_route=%2Fwp%2Fv2%2Fproduct_brand&post=151"},{"taxonomy":"product_cat","embeddable":true,"href":"https:\/\/new.comcosur.com\/index.php?rest_route=%2Fwp%2Fv2%2Fproduct_cat&post=151"},{"taxonomy":"product_tag","embeddable":true,"href":"https:\/\/new.comcosur.com\/index.php?rest_route=%2Fwp%2Fv2%2Fproduct_tag&post=151"},{"taxonomy":"autor","embeddable":true,"href":"https:\/\/new.comcosur.com\/index.php?rest_route=%2Fwp%2Fv2%2Fautor&post=151"}],"curies":[{"name":"wp","href":"https:\/\/api.w.org\/{rel}","templated":true}]}}