{"id":150,"date":"2022-05-15T21:54:22","date_gmt":"2022-05-16T02:54:22","guid":{"rendered":"https:\/\/new.comcosur.com\/?post_type=product&#038;p=150"},"modified":"2025-01-16T10:41:48","modified_gmt":"2025-01-16T15:41:48","slug":"odisea","status":"publish","type":"product","link":"https:\/\/new.comcosur.com\/?product=odisea","title":{"rendered":"Odisea"},"content":{"rendered":"","protected":false},"excerpt":{"rendered":"<p>Levant\u00f3se Ulises, destructor de ciudades, con el cetro en la mano (Atenea, la de los brillantes ojos, que, transfigurada en el heraldo, junto a \u00e9l estaba, impuso silencio para que todos los aqueos, desde los primeros hasta los \u00faltimos, oyeran el discurso y meditaran los consejos), y ben\u00e9volo les areng\u00f3 diciendo:<\/p>\n<p>\u2014Cual si fuesen ni\u00f1os o viudas, se lamentan los unos con otros y desean regresar a su casa. Y es, en verdad, penoso que hayamos de volver afligidos. Cierto que cualquiera se impacienta al mes de estar separado de su mujer, cuando ve detenida su nave de muchos bancos por las borrascas invernales y el mar alborotado; y nosotros hace ya nueve a\u00f1os, con el presente, que aqu\u00ed permanecemos.<\/p>\n","protected":false},"featured_media":503,"comment_status":"closed","ping_status":"closed","template":"","meta":{"_acf_changed":false},"product_brand":[],"product_cat":[118,115],"product_tag":[],"autor":[54],"class_list":{"0":"post-150","1":"product","2":"type-product","3":"status-publish","4":"has-post-thumbnail","6":"product_cat-epopeya","7":"product_cat-poesia","8":"autor-homero","10":"first","11":"instock","12":"shipping-taxable","13":"purchasable","14":"product-type-simple"},"acf":[],"_links":{"self":[{"href":"https:\/\/new.comcosur.com\/index.php?rest_route=\/wp\/v2\/product\/150","targetHints":{"allow":["GET"]}}],"collection":[{"href":"https:\/\/new.comcosur.com\/index.php?rest_route=\/wp\/v2\/product"}],"about":[{"href":"https:\/\/new.comcosur.com\/index.php?rest_route=\/wp\/v2\/types\/product"}],"replies":[{"embeddable":true,"href":"https:\/\/new.comcosur.com\/index.php?rest_route=%2Fwp%2Fv2%2Fcomments&post=150"}],"wp:featuredmedia":[{"embeddable":true,"href":"https:\/\/new.comcosur.com\/index.php?rest_route=\/wp\/v2\/media\/503"}],"wp:attachment":[{"href":"https:\/\/new.comcosur.com\/index.php?rest_route=%2Fwp%2Fv2%2Fmedia&parent=150"}],"wp:term":[{"taxonomy":"product_brand","embeddable":true,"href":"https:\/\/new.comcosur.com\/index.php?rest_route=%2Fwp%2Fv2%2Fproduct_brand&post=150"},{"taxonomy":"product_cat","embeddable":true,"href":"https:\/\/new.comcosur.com\/index.php?rest_route=%2Fwp%2Fv2%2Fproduct_cat&post=150"},{"taxonomy":"product_tag","embeddable":true,"href":"https:\/\/new.comcosur.com\/index.php?rest_route=%2Fwp%2Fv2%2Fproduct_tag&post=150"},{"taxonomy":"autor","embeddable":true,"href":"https:\/\/new.comcosur.com\/index.php?rest_route=%2Fwp%2Fv2%2Fautor&post=150"}],"curies":[{"name":"wp","href":"https:\/\/api.w.org\/{rel}","templated":true}]}}