{"id":145,"date":"2022-05-15T21:54:21","date_gmt":"2022-05-16T02:54:21","guid":{"rendered":"https:\/\/new.comcosur.com\/?post_type=product&#038;p=145"},"modified":"2025-01-16T12:04:58","modified_gmt":"2025-01-16T17:04:58","slug":"la-isla-del-tesoro","status":"publish","type":"product","link":"https:\/\/new.comcosur.com\/?product=la-isla-del-tesoro","title":{"rendered":"La isla del tesoro"},"content":{"rendered":"","protected":false},"excerpt":{"rendered":"<p>Su obra abarca desde novelas, cuentos y poes\u00eda hasta libros de viajes en los que describe sus experiencias durante las innumerables traves\u00edas que realiz\u00f3 desde temprana edad debido a varias enfermedades respiratorias que afectaban sus pulmones. Por ello, los doctores le recomendaban evitar ciertas \u00e9pocas del a\u00f1o en las que el clima de su natal Escocia pod\u00eda empeorar su condici\u00f3n. Tiempo despu\u00e9s contrajo tuberculosis, lo que lo oblig\u00f3 a cuidar a\u00fan m\u00e1s su salud.<\/p>\n<p><em>La isla del tesoro<\/em> ha ejercido una gran influencia en la cultura, inspirando diversas \u00e1reas como el cine, la televisi\u00f3n, los c\u00f3mics e incluso los videojuegos, gracias a su argumento cl\u00e1sico de aventuras. La historia incluye numerosos personajes, cada uno aportando diferentes matices con su personalidad distintiva, ya sea desde el lado de los \u00abbuenos\u00bb o el de los \u00abmalos\u00bb. Precisamente, esta representaci\u00f3n de la eterna disputa entre el bien y el mal plantea una reflexi\u00f3n moral, reflejada en la ambici\u00f3n de algunos personajes contrastada con el buen coraz\u00f3n y la bondad de otros. Este contraste otorga a la obra un tono \u00fanico y caracter\u00edstico, convirti\u00e9ndola en un cl\u00e1sico de la literatura universal.<\/p>\n","protected":false},"featured_media":471,"comment_status":"closed","ping_status":"closed","template":"","meta":{"_acf_changed":false},"product_brand":[],"product_cat":[103],"product_tag":[],"autor":[37],"class_list":{"0":"post-145","1":"product","2":"type-product","3":"status-publish","4":"has-post-thumbnail","6":"product_cat-ficcion-de-aventuras","7":"autor-robert-louis-stevenson","9":"first","10":"instock","11":"shipping-taxable","12":"purchasable","13":"product-type-simple"},"acf":[],"_links":{"self":[{"href":"https:\/\/new.comcosur.com\/index.php?rest_route=\/wp\/v2\/product\/145","targetHints":{"allow":["GET"]}}],"collection":[{"href":"https:\/\/new.comcosur.com\/index.php?rest_route=\/wp\/v2\/product"}],"about":[{"href":"https:\/\/new.comcosur.com\/index.php?rest_route=\/wp\/v2\/types\/product"}],"replies":[{"embeddable":true,"href":"https:\/\/new.comcosur.com\/index.php?rest_route=%2Fwp%2Fv2%2Fcomments&post=145"}],"wp:featuredmedia":[{"embeddable":true,"href":"https:\/\/new.comcosur.com\/index.php?rest_route=\/wp\/v2\/media\/471"}],"wp:attachment":[{"href":"https:\/\/new.comcosur.com\/index.php?rest_route=%2Fwp%2Fv2%2Fmedia&parent=145"}],"wp:term":[{"taxonomy":"product_brand","embeddable":true,"href":"https:\/\/new.comcosur.com\/index.php?rest_route=%2Fwp%2Fv2%2Fproduct_brand&post=145"},{"taxonomy":"product_cat","embeddable":true,"href":"https:\/\/new.comcosur.com\/index.php?rest_route=%2Fwp%2Fv2%2Fproduct_cat&post=145"},{"taxonomy":"product_tag","embeddable":true,"href":"https:\/\/new.comcosur.com\/index.php?rest_route=%2Fwp%2Fv2%2Fproduct_tag&post=145"},{"taxonomy":"autor","embeddable":true,"href":"https:\/\/new.comcosur.com\/index.php?rest_route=%2Fwp%2Fv2%2Fautor&post=145"}],"curies":[{"name":"wp","href":"https:\/\/api.w.org\/{rel}","templated":true}]}}