{"id":142,"date":"2022-05-15T21:54:21","date_gmt":"2022-05-16T02:54:21","guid":{"rendered":"https:\/\/new.comcosur.com\/?post_type=product&#038;p=142"},"modified":"2025-01-15T16:57:45","modified_gmt":"2025-01-15T21:57:45","slug":"los-mitos-de-cthulhu","status":"publish","type":"product","link":"https:\/\/new.comcosur.com\/?product=los-mitos-de-cthulhu","title":{"rendered":"Los Mitos de Cthulhu"},"content":{"rendered":"","protected":false},"excerpt":{"rendered":"<p>Lovecraft fue un verdadero revolucionario del g\u00e9nero de terror, al que aport\u00f3 una mitolog\u00eda propia que ha influido de manera decisiva en nuestra manera de considerar los horrores c\u00f3smicos. Su obra constituye un cl\u00e1sico del horror, una corriente que se aparta de la tem\u00e1tica tradicional del terror sobrenatural, incorporando elementos de ciencia ficci\u00f3n de car\u00e1cter extraterrestre y c\u00f3smico.<\/p>\n","protected":false},"featured_media":490,"comment_status":"closed","ping_status":"closed","template":"","meta":{"_acf_changed":false},"product_brand":[],"product_cat":[99,100],"product_tag":[],"autor":[29],"class_list":{"0":"post-142","1":"product","2":"type-product","3":"status-publish","4":"has-post-thumbnail","6":"product_cat-ficcion-gotica","7":"product_cat-horror","8":"autor-howard-phillips-lovecraft","10":"first","11":"instock","12":"shipping-taxable","13":"purchasable","14":"product-type-simple"},"acf":[],"_links":{"self":[{"href":"https:\/\/new.comcosur.com\/index.php?rest_route=\/wp\/v2\/product\/142","targetHints":{"allow":["GET"]}}],"collection":[{"href":"https:\/\/new.comcosur.com\/index.php?rest_route=\/wp\/v2\/product"}],"about":[{"href":"https:\/\/new.comcosur.com\/index.php?rest_route=\/wp\/v2\/types\/product"}],"replies":[{"embeddable":true,"href":"https:\/\/new.comcosur.com\/index.php?rest_route=%2Fwp%2Fv2%2Fcomments&post=142"}],"wp:featuredmedia":[{"embeddable":true,"href":"https:\/\/new.comcosur.com\/index.php?rest_route=\/wp\/v2\/media\/490"}],"wp:attachment":[{"href":"https:\/\/new.comcosur.com\/index.php?rest_route=%2Fwp%2Fv2%2Fmedia&parent=142"}],"wp:term":[{"taxonomy":"product_brand","embeddable":true,"href":"https:\/\/new.comcosur.com\/index.php?rest_route=%2Fwp%2Fv2%2Fproduct_brand&post=142"},{"taxonomy":"product_cat","embeddable":true,"href":"https:\/\/new.comcosur.com\/index.php?rest_route=%2Fwp%2Fv2%2Fproduct_cat&post=142"},{"taxonomy":"product_tag","embeddable":true,"href":"https:\/\/new.comcosur.com\/index.php?rest_route=%2Fwp%2Fv2%2Fproduct_tag&post=142"},{"taxonomy":"autor","embeddable":true,"href":"https:\/\/new.comcosur.com\/index.php?rest_route=%2Fwp%2Fv2%2Fautor&post=142"}],"curies":[{"name":"wp","href":"https:\/\/api.w.org\/{rel}","templated":true}]}}