{"id":1405,"date":"2023-04-04T10:04:02","date_gmt":"2023-04-04T15:04:02","guid":{"rendered":"https:\/\/new.comcosur.com\/?post_type=product&#038;p=1405"},"modified":"2025-01-15T11:50:35","modified_gmt":"2025-01-15T16:50:35","slug":"carmilla","status":"publish","type":"product","link":"https:\/\/new.comcosur.com\/?product=carmilla","title":{"rendered":"Carmilla"},"content":{"rendered":"<p>y otros relatos de terror<\/p>\n","protected":false},"excerpt":{"rendered":"<p>\u2b50\u2b50\u2b50\u2b50\u2b50<\/p>\n<div class=\"flex max-w-full flex-col flex-grow\">\n<div class=\"min-h-8 text-message flex w-full flex-col items-end gap-2 whitespace-normal break-words text-start [.text-message+&amp;]:mt-5\" dir=\"auto\" data-message-author-role=\"assistant\" data-message-id=\"37a314d8-f207-4df0-9bc3-a8e866aa6a76\" data-message-model-slug=\"gpt-4o-mini\">\n<div class=\"flex w-full flex-col gap-1 empty:hidden first:pt-[3px]\">\n<div class=\"markdown prose w-full break-words dark:prose-invert light\">\n<p>Sin duda, el vampiro contin\u00faa ejerciendo un innegable poder de atracci\u00f3n debido a sus historias de misterio, romance y crueldad. Las leyendas de vampiros han perdurado gracias al encanto de su figura; estos seres de insaciable sed de sangre, sutileza y elegancia para seducir, realzan su presencia en tradiciones orales y escritas. <em>Carmilla<\/em> es una magn\u00edfica novela que se erige como una de las m\u00e1s grandes de la literatura g\u00f3tica y precursora de las historias de vampiros, influyendo en la delineaci\u00f3n de <em>Dr\u00e1cula<\/em> de Bram Stoker. La historia de la vampira Carmilla marca un antes y un despu\u00e9s en la evoluci\u00f3n m\u00edtica del vampirismo en la literatura, por todo lo que representa. Le Fanu se bas\u00f3 en la legendaria historia de la hermosa Isabel B\u00e1thory para dar a luz a su bell\u00edsima Carmilla.<\/p>\n<p>Una misteriosa joven y bella muchacha llega a un solitario castillo en la antigua Estiria, donde habita la joven Laura y su padre. La enigm\u00e1tica joven pertenece a la alta nobleza, luce una elegante imagen melanc\u00f3lica, su cabello es exquisitamente largo, tiene labios rojos y sensuales, misteriosos ojos felinos y finas manos. Desde su aparici\u00f3n, una serie de escalofriantes acontecimientos tienen lugar en la comarca. Nadie se siente a salvo en esas tierras malditas, y el terror y lo sobrenatural crear\u00e1n una atm\u00f3sfera turbia e inquietante en la vida de los habitantes.<\/p>\n<\/div>\n<\/div>\n<\/div>\n<\/div>\n","protected":false},"featured_media":1678,"comment_status":"closed","ping_status":"closed","template":"","meta":{"_acf_changed":false},"product_brand":[],"product_cat":[15,99,100,126,122,101,129,104,146],"product_tag":[],"autor":[154],"class_list":{"0":"post-1405","1":"product","2":"type-product","3":"status-publish","4":"has-post-thumbnail","6":"product_cat-literatura","7":"product_cat-ficcion-gotica","8":"product_cat-horror","9":"product_cat-literatura-juvenil","10":"product_cat-literatura-mistica","11":"product_cat-misterio","12":"product_cat-narracion-poesia","13":"product_cat-novela","14":"product_cat-terror","15":"autor-sheridan-le-fanu","17":"first","18":"instock","19":"shipping-taxable","20":"purchasable","21":"product-type-simple"},"acf":[],"_links":{"self":[{"href":"https:\/\/new.comcosur.com\/index.php?rest_route=\/wp\/v2\/product\/1405","targetHints":{"allow":["GET"]}}],"collection":[{"href":"https:\/\/new.comcosur.com\/index.php?rest_route=\/wp\/v2\/product"}],"about":[{"href":"https:\/\/new.comcosur.com\/index.php?rest_route=\/wp\/v2\/types\/product"}],"replies":[{"embeddable":true,"href":"https:\/\/new.comcosur.com\/index.php?rest_route=%2Fwp%2Fv2%2Fcomments&post=1405"}],"wp:featuredmedia":[{"embeddable":true,"href":"https:\/\/new.comcosur.com\/index.php?rest_route=\/wp\/v2\/media\/1678"}],"wp:attachment":[{"href":"https:\/\/new.comcosur.com\/index.php?rest_route=%2Fwp%2Fv2%2Fmedia&parent=1405"}],"wp:term":[{"taxonomy":"product_brand","embeddable":true,"href":"https:\/\/new.comcosur.com\/index.php?rest_route=%2Fwp%2Fv2%2Fproduct_brand&post=1405"},{"taxonomy":"product_cat","embeddable":true,"href":"https:\/\/new.comcosur.com\/index.php?rest_route=%2Fwp%2Fv2%2Fproduct_cat&post=1405"},{"taxonomy":"product_tag","embeddable":true,"href":"https:\/\/new.comcosur.com\/index.php?rest_route=%2Fwp%2Fv2%2Fproduct_tag&post=1405"},{"taxonomy":"autor","embeddable":true,"href":"https:\/\/new.comcosur.com\/index.php?rest_route=%2Fwp%2Fv2%2Fautor&post=1405"}],"curies":[{"name":"wp","href":"https:\/\/api.w.org\/{rel}","templated":true}]}}