{"id":1399,"date":"2023-04-04T09:33:10","date_gmt":"2023-04-04T14:33:10","guid":{"rendered":"https:\/\/new.comcosur.com\/?post_type=product&#038;p=1399"},"modified":"2025-01-15T15:21:19","modified_gmt":"2025-01-15T20:21:19","slug":"emma","status":"publish","type":"product","link":"https:\/\/new.comcosur.com\/?product=emma","title":{"rendered":"Emma"},"content":{"rendered":"","protected":false},"excerpt":{"rendered":"<p>\u2b50\u2b50\u2b50\u2b50\u2b50<\/p>\n<p><em>Emma<\/em> cuenta la historia de una inteligente y bella joven inglesa de principios del siglo XIX, criada en el seno de una familia acomodada.<\/p>\n<p>Emma es una chica de 21 a\u00f1os, testaruda y presumida; se extralimita en sus habilidades de emparejamiento; su imaginaci\u00f3n y percepci\u00f3n la llevan a menudo a meterse en dificultades.<\/p>\n<p><em>Austen<\/em> explora las preocupaciones y dificultades de las mujeres de clase alta de su \u00e9poca. <em>Emma<\/em> es una comedia de modales y describe cuestiones acerca del matrimonio, sexo, edad y el estatus social.<\/p>\n","protected":false},"featured_media":1680,"comment_status":"closed","ping_status":"closed","template":"","meta":{"_acf_changed":false},"product_brand":[],"product_cat":[15,107,126,104,121,98],"product_tag":[],"autor":[68],"class_list":{"0":"post-1399","1":"product","2":"type-product","3":"status-publish","4":"has-post-thumbnail","6":"product_cat-literatura","7":"product_cat-etica-y-civismo","8":"product_cat-literatura-juvenil","9":"product_cat-novela","10":"product_cat-novela-romantica","11":"product_cat-novela-rosa","12":"autor-jane-austen","14":"first","15":"instock","16":"shipping-taxable","17":"purchasable","18":"product-type-simple"},"acf":[],"_links":{"self":[{"href":"https:\/\/new.comcosur.com\/index.php?rest_route=\/wp\/v2\/product\/1399","targetHints":{"allow":["GET"]}}],"collection":[{"href":"https:\/\/new.comcosur.com\/index.php?rest_route=\/wp\/v2\/product"}],"about":[{"href":"https:\/\/new.comcosur.com\/index.php?rest_route=\/wp\/v2\/types\/product"}],"replies":[{"embeddable":true,"href":"https:\/\/new.comcosur.com\/index.php?rest_route=%2Fwp%2Fv2%2Fcomments&post=1399"}],"wp:featuredmedia":[{"embeddable":true,"href":"https:\/\/new.comcosur.com\/index.php?rest_route=\/wp\/v2\/media\/1680"}],"wp:attachment":[{"href":"https:\/\/new.comcosur.com\/index.php?rest_route=%2Fwp%2Fv2%2Fmedia&parent=1399"}],"wp:term":[{"taxonomy":"product_brand","embeddable":true,"href":"https:\/\/new.comcosur.com\/index.php?rest_route=%2Fwp%2Fv2%2Fproduct_brand&post=1399"},{"taxonomy":"product_cat","embeddable":true,"href":"https:\/\/new.comcosur.com\/index.php?rest_route=%2Fwp%2Fv2%2Fproduct_cat&post=1399"},{"taxonomy":"product_tag","embeddable":true,"href":"https:\/\/new.comcosur.com\/index.php?rest_route=%2Fwp%2Fv2%2Fproduct_tag&post=1399"},{"taxonomy":"autor","embeddable":true,"href":"https:\/\/new.comcosur.com\/index.php?rest_route=%2Fwp%2Fv2%2Fautor&post=1399"}],"curies":[{"name":"wp","href":"https:\/\/api.w.org\/{rel}","templated":true}]}}