{"id":1302,"date":"2023-02-11T12:11:34","date_gmt":"2023-02-11T17:11:34","guid":{"rendered":"https:\/\/new.comcosur.com\/?post_type=product&#038;p=1302"},"modified":"2025-01-15T15:19:44","modified_gmt":"2025-01-15T20:19:44","slug":"el-testimonio-de-randolph-carter-y-otros-relatos","status":"publish","type":"product","link":"https:\/\/new.comcosur.com\/?product=el-testimonio-de-randolph-carter-y-otros-relatos","title":{"rendered":"El testimonio de Randolph Carter y otros relatos"},"content":{"rendered":"","protected":false},"excerpt":{"rendered":"<p><em>\u2b50\u2b50\u2b50\u2b50\u2b50<br \/>\n<\/em><\/p>\n<div class=\"flex max-w-full flex-col flex-grow\">\n<div class=\"min-h-8 text-message flex w-full flex-col items-end gap-2 whitespace-normal break-words text-start [.text-message+&amp;]:mt-5\" dir=\"auto\" data-message-author-role=\"assistant\" data-message-id=\"604c28bb-878c-45da-96ab-07b2a7c6e297\" data-message-model-slug=\"gpt-4o-mini\">\n<div class=\"flex w-full flex-col gap-1 empty:hidden first:pt-[3px]\">\n<div class=\"markdown prose w-full break-words dark:prose-invert light\">\n<p><em>El testimonio de Randolph Carter<\/em> es uno de los relatos m\u00e1s inquietantes y populares de <em>H.P. Lovecraft<\/em> y forma parte del magn\u00edfico Ciclo on\u00edrico. Los relatos y novelas cortas que componen este ciclo tienen como eje principal las Tierras del Sue\u00f1o o <em>Dream Land<\/em>. Las historias de Lovecraft a\u00f1aden emociones que ning\u00fan lector puede controlar, como el terror, la curiosidad y la ansiedad que genera cada l\u00ednea, pues los relatos que dan forma a esta edici\u00f3n desbordan la imaginaci\u00f3n, caracter\u00edstica intr\u00ednseca de este genio del terror. <em>El testimonio de Randolph Carter<\/em> y otros relatos es un incre\u00edble libro que todo lector que admire lo fant\u00e1stico, la ciencia ficci\u00f3n y el espanto debe leer; su lectura es acceder a las fascinantes tierras de Ulthar, a la m\u00edtica meseta de Leng y a ser observado por los oscuros e innombrables dioses.<\/p>\n<\/div>\n<\/div>\n<\/div>\n<\/div>\n<p><em>\u00a0<\/em><\/p>\n","protected":false},"featured_media":1682,"comment_status":"closed","ping_status":"closed","template":"","meta":{"_acf_changed":false},"product_brand":[],"product_cat":[15,99,100,126,101,134,146],"product_tag":[],"autor":[29],"class_list":{"0":"post-1302","1":"product","2":"type-product","3":"status-publish","4":"has-post-thumbnail","6":"product_cat-literatura","7":"product_cat-ficcion-gotica","8":"product_cat-horror","9":"product_cat-literatura-juvenil","10":"product_cat-misterio","11":"product_cat-narracion","12":"product_cat-terror","13":"autor-howard-phillips-lovecraft","15":"first","16":"instock","17":"shipping-taxable","18":"purchasable","19":"product-type-simple"},"acf":[],"_links":{"self":[{"href":"https:\/\/new.comcosur.com\/index.php?rest_route=\/wp\/v2\/product\/1302","targetHints":{"allow":["GET"]}}],"collection":[{"href":"https:\/\/new.comcosur.com\/index.php?rest_route=\/wp\/v2\/product"}],"about":[{"href":"https:\/\/new.comcosur.com\/index.php?rest_route=\/wp\/v2\/types\/product"}],"replies":[{"embeddable":true,"href":"https:\/\/new.comcosur.com\/index.php?rest_route=%2Fwp%2Fv2%2Fcomments&post=1302"}],"wp:featuredmedia":[{"embeddable":true,"href":"https:\/\/new.comcosur.com\/index.php?rest_route=\/wp\/v2\/media\/1682"}],"wp:attachment":[{"href":"https:\/\/new.comcosur.com\/index.php?rest_route=%2Fwp%2Fv2%2Fmedia&parent=1302"}],"wp:term":[{"taxonomy":"product_brand","embeddable":true,"href":"https:\/\/new.comcosur.com\/index.php?rest_route=%2Fwp%2Fv2%2Fproduct_brand&post=1302"},{"taxonomy":"product_cat","embeddable":true,"href":"https:\/\/new.comcosur.com\/index.php?rest_route=%2Fwp%2Fv2%2Fproduct_cat&post=1302"},{"taxonomy":"product_tag","embeddable":true,"href":"https:\/\/new.comcosur.com\/index.php?rest_route=%2Fwp%2Fv2%2Fproduct_tag&post=1302"},{"taxonomy":"autor","embeddable":true,"href":"https:\/\/new.comcosur.com\/index.php?rest_route=%2Fwp%2Fv2%2Fautor&post=1302"}],"curies":[{"name":"wp","href":"https:\/\/api.w.org\/{rel}","templated":true}]}}