{"id":120,"date":"2022-05-15T21:54:18","date_gmt":"2022-05-16T02:54:18","guid":{"rendered":"https:\/\/new.comcosur.com\/?post_type=product&#038;p=120"},"modified":"2025-01-15T12:38:43","modified_gmt":"2025-01-15T17:38:43","slug":"el-diario-de-ana-frank","status":"publish","type":"product","link":"https:\/\/new.comcosur.com\/?product=el-diario-de-ana-frank","title":{"rendered":"El Diario de Ana Frank"},"content":{"rendered":"","protected":false},"excerpt":{"rendered":"<p>\u2b50\u2b50\u2b50\u2b50\u2b50<\/p>\n<div class=\"flex max-w-full flex-col flex-grow\">\n<div class=\"min-h-8 text-message flex w-full flex-col items-end gap-2 whitespace-normal break-words text-start [.text-message+&amp;]:mt-5\" dir=\"auto\" data-message-author-role=\"assistant\" data-message-id=\"fe43654f-5b01-4759-ab0f-33c85a5b22a8\" data-message-model-slug=\"gpt-4o-mini\">\n<div class=\"flex w-full flex-col gap-1 empty:hidden first:pt-[3px]\">\n<div class=\"markdown prose w-full break-words dark:prose-invert light\">\n<p>La vida de los Frank era normal hasta que en mayo de 1940 se acabaron los buenos tiempos para la familia: primero, por la Segunda Guerra Mundial; luego, la capitulaci\u00f3n y la invasi\u00f3n alemana. Poco a poco comenzaron las desgracias para los jud\u00edos, que les privaba de su libertad, como el llevar una estrella de David cosida en su ropa para poder ser identificados, no viajar en medios de transporte, respetar el toque de queda, comprar solamente en un horario determinado y no ingresar a lugares p\u00fablicos. Estos hechos marcaron el inicio de una \u00e9poca de sufrimiento para los Frank, quienes se vieron obligados a esconderse para escapar de la persecuci\u00f3n nazi, lo que los llev\u00f3 a la famosa \u00abCasa de atr\u00e1s\u00bb, donde la joven Ana Frank escribi\u00f3 su diario, un testimonio desgarrador de su vida bajo el r\u00e9gimen de terror y represi\u00f3n del Tercer Reich.<\/p>\n<\/div>\n<\/div>\n<\/div>\n<\/div>\n","protected":false},"featured_media":1029,"comment_status":"closed","ping_status":"closed","template":"","meta":{"_acf_changed":false},"product_brand":[],"product_cat":[15],"product_tag":[],"autor":[35],"class_list":{"0":"post-120","1":"product","2":"type-product","3":"status-publish","4":"has-post-thumbnail","6":"product_cat-literatura","7":"autor-ana-frank","9":"first","10":"instock","11":"shipping-taxable","12":"purchasable","13":"product-type-simple"},"acf":[],"_links":{"self":[{"href":"https:\/\/new.comcosur.com\/index.php?rest_route=\/wp\/v2\/product\/120","targetHints":{"allow":["GET"]}}],"collection":[{"href":"https:\/\/new.comcosur.com\/index.php?rest_route=\/wp\/v2\/product"}],"about":[{"href":"https:\/\/new.comcosur.com\/index.php?rest_route=\/wp\/v2\/types\/product"}],"replies":[{"embeddable":true,"href":"https:\/\/new.comcosur.com\/index.php?rest_route=%2Fwp%2Fv2%2Fcomments&post=120"}],"wp:featuredmedia":[{"embeddable":true,"href":"https:\/\/new.comcosur.com\/index.php?rest_route=\/wp\/v2\/media\/1029"}],"wp:attachment":[{"href":"https:\/\/new.comcosur.com\/index.php?rest_route=%2Fwp%2Fv2%2Fmedia&parent=120"}],"wp:term":[{"taxonomy":"product_brand","embeddable":true,"href":"https:\/\/new.comcosur.com\/index.php?rest_route=%2Fwp%2Fv2%2Fproduct_brand&post=120"},{"taxonomy":"product_cat","embeddable":true,"href":"https:\/\/new.comcosur.com\/index.php?rest_route=%2Fwp%2Fv2%2Fproduct_cat&post=120"},{"taxonomy":"product_tag","embeddable":true,"href":"https:\/\/new.comcosur.com\/index.php?rest_route=%2Fwp%2Fv2%2Fproduct_tag&post=120"},{"taxonomy":"autor","embeddable":true,"href":"https:\/\/new.comcosur.com\/index.php?rest_route=%2Fwp%2Fv2%2Fautor&post=120"}],"curies":[{"name":"wp","href":"https:\/\/api.w.org\/{rel}","templated":true}]}}